ivided by 121?
120
What is the remainder when 221 is divided by 5?
1
Calculate the remainder when 908 is divided by 892.
16
Calculate the remainder when 1002 is divided by 16.
10
Calculate the remainder when 131 is divided by 57.
17
Calculate the remainder when 12118 is divided by 11.
7
What is the remainder when 12 is divided by 3?
0
Calculate the remainder when 269 is divided by 30.
29
Calculate the remainder when 59 is divided by 47.
12
Calculate the remainder when 1343 is divided by 112.
111
What is the remainder when 112 is divided by 85?
27
Calculate the remainder when 1866 is divided by 172.
146
What is the remainder when 326 is divided by 37?
30
Calculate the remainder when 621 is divided by 39.
36
Calculate the remainder when 399 is divided by 140.
119
What is the remainder when 136 is divided by 74?
62
What is the remainder when 174 is divided by 81?
12
Calculate the remainder when 641 is divided by 82.
67
Calculate the remainder when 124 is divided by 32.
28
Calculate the remainder when 1005 is divided by 28.
25
Calculate the remainder when 171 is divided by 76.
19
Calculate the remainder when 4156 is divided by 2078.
0
What is the remainder when 1484 is divided by 296?
4
What is the remainder when 500 is divided by 40?
20
Calculate the remainder when 255 is divided by 64.
63
Calculate the remainder when 1074 is divided by 176.
18
Calculate the remainder when 278 is divided by 118.
42
Calculate the remainder when 1001 is divided by 147.
119
Calculate the remainder when 65 is divided by 56.
9
Calculate the remainder when 14 is divided by 9.
5
What is the remainder when 19 is divided by 1?
0
Calculate the remainder when 1194 is divided by 3.
0
What is the remainder when 321 is divided by 110?
101
What is the remainder when 116 is divided by 29?
0
Calculate the remainder when 10646 is divided by 37.
27
What is the remainder when 94 is divided by 14?
10
What is the remainder when 20574 is divided by 16?
14
What is the remainder when 4806 is divided by 11?
10
Calculate the remainder when 2676 is divided by 122.
114
What is the remainder when 44 is divided by 2?
0
Calculate the remainder when 65 is divided by 45.
20
What is the remainder when 2907 is divided by 224?
219
What is the remainder when 179 is divided by 45?
44
Calculate the remainder when 21 is divided by 3.
0
What is the remainder when 1170 is divided by 69?
66
Calculate the remainder when 3944 is divided by 67.
58
Calculate the remainder when 250 is divided by 71.
37
What is the remainder when 198 is divided by 51?
45
Calculate the remainder when 10 is divided by 4.
2
Calculate the remainder when 6006 is divided by 14.
0
What is the remainder when 371 is divided by 28?
7
Calculate the remainder when 396 is divided by 125.
21
What is the remainder when 544 is divided by 115?
84
Calculate the remainder when 7197 is divided by 150.
147
What is the remainder when 93 is divided by 14?
9
Calculate the remainder when 384 is divided by 43.
40
Calculate the remainder when 375 is divided by 34.
1
Calculate the remainder when 660 is divided by 105.
30
What is the remainder when 379 is divided by 76?
75
What is the remainder when 162 is divided by 63?
36
What is the remainder when 125 is divided by 13?
8
What is the remainder when 225 is divided by 48?
33
Calculate the remainder when 4378 is divided by 219.
217
Calculate the remainder when 141 is divided by 74.
67
What is the remainder when 196 is divided by 50?
46
What is the remainder when 2067 is divided by 344?
3
What is the remainder when 1390 is divided by 344?
14
Calculate the remainder when 289 is divided by 102.
85
What is the remainder when 58 is divided by 8?
2
Calculate the remainder when 69 is divided by 69.
0
What is the remainder when 1201 is divided by 168?
25
Calculate the remainder when 5189 is divided by 14.
9
What is the remainder when 555 is divided by 181?
12
Calculate the remainder when 91 is divided by 9.
1
What is the remainder when 279 is divided by 20?
19
What is the remainder when 508 is divided by 121?
24
Calculate the remainder when 167 is divided by 92.
75
What is the remainder when 1158 is divided by 144?
6
What is the remainder when 571 is divided by 14?
11
Calculate the remainder when 1604 is divided by 11.
9
What is the remainder when 432 is divided by 38?
14
What is the remainder when 757 is divided by 562?
195
Calculate the remainder when 1149 is divided by 377.
18
What is the remainder when 428 is divided by 55?
43
What is the remainder when 201 is divided by 101?
100
Calculate the remainder when 63 is divided by 23.
17
What is the remainder when 45 is divided by 12?
9
What is the remainder when 9021 is divided by 8?
5
Calculate the remainder when 78 is divided by 24.
6
Calculate the remainder when 459 is divided by 427.
32
Calculate the remainder when 391 is divided by 49.
48
Calculate the remainder when 1245 is divided by 197.
63
Calculate the remainder when 955 is divided by 41.
12
What is the remainder when 272 is divided by 81?
29
What is the remainder when 118 is divided by 25?
18
Calculate the remainder when 345 is divided by 67.
10
Calculate the remainder when 397 is divided by 43.
10
Calculate the remainder when 238 is divided by 19.
10
What is the remainder when 383 is divided by 59?
29
Calculate the remainder when 102 is divided by 24.
6
Calculate the remainder when 1390 is divided by 13.
12
Calculate the remainder when 2641 is divided by 876.
13
Calculate the remainder when 1288 is divided by 80.
8
Calculate the remainder when 211 is divided by 29.
8
What is the remainder when 153 is divided by 25?
3
What is the remainder when 90 is divided by 66?
24
Calculate the remainder when 895 is divided by 295.
10
Calculate the remainder when 70 is divided by 24.
22
What is the remainder when 171 is divided by 49?
24
Calculate the remainder when 234 is divided by 33.
3
Calculate the remainder when 6347 is divided by 29.
25
Calculate the remainder when 117 is divided by 7.
5
What is the remainder when 472 is divided by 19?
16
What is the remainder when 124 is divided by 35?
19
What is the remainder when 343 is divided by 112?
7
What is the remainder when 4753 is divided by 341?
320
What is the remainder when 5957 is divided by 10?
7
What is the remainder when 117 is divided by 40?
37
What is the remainder when 1055 is divided by 53?
48
What is the remainder when 1247 is divided by 6?
5
What is the remainder when 680 is divided by 212?
44
Calculate the remainder when 247 is divided by 116.
15
Calculate the remainder when 72 is divided by 47.
25
Calculate the remainder when 142 is divided by 56.
30
What is the remainder when 549 is divided by 347?
202
What is the remainder when 80 is divided by 9?
8
Calculate the remainder when 678 is divided by 386.
292
Calculate the remainder when 238 is divided by 136.
102
Calculate the remainder when 482 is divided by 61.
55
What is the remainder when 31 is divided by 11?
9
What is the remainder when 265 is divided by 14?
13
What is the remainder when 810 is divided by 166?
146
What is the remainder when 1734 is divided by 14?
12
Calculate the remainder when 908 is divided by 184.
172
Calculate the remainder when 283 is divided by 50.
33
Calculate the remainder when 1577 is divided by 122.
113
What is the remainder when 63 is divided by 7?
0
What is the remainder when 5873 is divided by 326?
5
Calculate the remainder when 4534 is divided by 84.
82
Calculate the remainder when 132 is divided by 79.
53
What is the remainder when 90 is divided by 47?
43
Calculate the remainder when 170 is divided by 53.
11
Calculate the remainder when 685 is divided by 49.
48
What is the remainder when 54573 is divided by 13?
12
Calculate the remainder when 463 is divided by 66.
1
What is the remainder when 165 is divided by 56?
53
Calculate the remainder when 284 is divided by 96.
92
Calculate the remainder when 56 is divided by 36.
20
Calculate the remainder when 287 is divided by 89.
20
Calculate the remainder when 491 is divided by 53.
14
What is the remainder when 754 is divided by 21?
19
Calculate the remainder when 163 is divided by 146.
17
What is the remainder when 186 is divided by 17?
16
What is the remainder when 81 is divided by 9?
0
Calculate the remainder when 323